t b(d) = 17*d - 4*d + 0 - 13 - 12*d. Give b(8).
-5
Let g be (1 - 3)/(10/5). Let i be 3/12 - g/(-4). Suppose -t = -i + 1. Let w(a) = -7*a**3 - 1. What is w(t)?
6
Let h be -2 - (12/(-3) + 0). Suppose -h*w + w = -6. Let b(i) = -w + 0 + 10 - 5 + 7*i. Give b(1).
6
Let w(d) = 6*d + 4. Let o(g) = 6*g + 39. Let v be o(-7). Give w(v).
-14
Let t(z) = -z + 33. Let i be t(-9). Suppose 3*m = 10*m - i. Let p(b) = b**3 - 7*b**2 + 8*b - 4. Determine p(m).
8
Let o(k) = 0*k + 2590 + 0*k + 2*k - 2591. What is o(-10)?
-21
Let k(x) be the third derivative of -x**4/8 - 2*x**3/3 + 499*x**2. Suppose -p = -4*n + 17, n = -4*p - 15 - 2. Give k(n).
-13
Suppose 23*t - 227 = -319. Let d(a) be the first derivative of a**4/4 + 4*a**3/3 + a**2 + 5*a + 1. Calculate d(t).
-3
Let d(n) = -4*n + n**3 - 2*n**3 + 2 - 1 - 4*n**2. Suppose -13*l + 24 = -5*l. Suppose 2*t + l*f = -18, -2*t - 13 = t + f. What is d(t)?
4
Let v(w) = -w**2 + 15*w + 4. Suppose -7*m + 10*m - 43 = -4*i, -i + 5*m = -28. Calculate v(i).
30
Let c(x) = 2*x**2 + 29*x + 17. Let n(r) = r**2 + 15*r + 9. Let z(i) = 6*c(i) - 11*n(i). Determine z(-10).
13
Suppose 3*f + f - 18 = -3*o, 2*o + 3*f - 13 = 0. Suppose o*n - 2*j + 2 = 0, 3*n - 5*j = -3*j + 1. Let q(y) = y**2 - 2*y + 2. Determine q(n).
5
Let a(x) = 8*x**3 + x. Suppose -45*d = 47 - 2. Determine a(d).
-9
Suppose -5*i - 2 = 2*c, -13 - 7 = -5*c. Let k(h) = h**3 + h**2 - 2*h. What is k(i)?
0
Let j(l) = -l + 8. Let s(m) = 3*m**2 + 59*m - 238. Let f be s(-23). What is j(f)?
16
Let v = -18 - -20. Let b(r) = -2 - r + 2*r + r**3 + 4*r**2 + 2*r**3. Let m(s) = -7*s**3 - 9*s**2 - s + 5. Let j(u) = v*m(u) + 5*b(u). Give j(-2).
-6
Let o(t) be the third derivative of t**6/120 + t**5/20 + t**4/12 - t**3 - 543*t**2. What is o(-3)?
-12
Let p(n) = -n - 13. Let g be p(-14). Let w(m) = 4 + m - g + 5. Determine w(-6).
2
Let i(g) be the third derivative of -g**7/168 - g**6/360 - 2*g**3/3 - 12*g**2. Let l(u) be the first derivative of i(u). Calculate l(1).
-6
Let k = -6 - -9. Let m = -5 + k. Let v(d) be the second derivative of d**3/2 + 3*d**2/2 - 2*d. Give v(m).
-3
Let b(u) = 404*u**3 - 403*u**3 + 3*u**2 - 3*u**2. Let l be b(0). Suppose l = x - 0*r - r - 6, -3*r = 0. Let c(s) = s - 8. Determine c(x).
-2
Let v(n) = -1 + 3*n + 4*n - 5*n. Let z(x) = x**2 + 6*x + 7. Let k be z(-5). Determine v(k).
3
Let s(b) = -16*b + 36*b - 5 - 21*b. What is s(-4)?
-1
Let m(k) = k**3 + 5*k**2 - 2*k + 5. Let s be (-7 + -9 + 1)*(-2)/(-6). Determine m(s).
15
Let f(l) = -l. Let w(i) = -12*i. Let h(g) = -10*f(g) + w(g). Let z(y) = 19*y + 0 + 3 + 0. Let j(n) = -18*h(n) - 2*z(n). What is j(-4)?
2
Let j(y) = -2 + 84*y + 11*y**2 - 87*y - 12*y**2. Suppose 2*t - 2*u = -0*u - 6, -30 = 3*t + 4*u. Let o = t + 4. Give j(o).
0
Suppose -5*f - 114 = -2*h + h, 0 = -2*f + 5*h - 41. Let l = f - -24. Let a(c) = -5*c + 3. Let w(d) = 2*d - 1. Let k(n) = -6*a(n) - 17*w(n). Give k(l).
-5
Let c(p) = -5 + 4 - 12*p**3 - 2*p - 1 + 1 - 1. Calculate c(-1).
12
Suppose 9 = -19*y + 20*y. Let d(v) = -99 + 89 + y*v - 9*v**2 + v**2 + v**3. Determine d(7).
4
Let n(x) = -x**2 + 6 - 37*x + 31*x + 2*x**2. What is n(4)?
-2
Let a(r) = -r**3 - 4*r**2 + 5*r + 2. Suppose j = 2*m + 6, -6 = 3*j + 6. Let w be ((-4)/(-2) - 1)*(0 + m). What is a(w)?
2
Let g(u) = -2*u**3 + 2*u**2 - 4*u - 1. Let r(i) = -i**3 - i. Let f(x) = g(x) - 3*r(x). What is f(-2)?
1
Suppose -3*m - 13 = -13*c + 12*c, 4*c = 16. Let q(x) = 5*x**2 + 4*x + 1. Calculate q(m).
34
Let a(f) = f**2. Let q(n) = 6*n**2 - 2*n + 3. Let d = -17 - 7. Let t be ((-10)/6)/(8/d). Let w(z) = t*a(z) - q(z). What is w(3)?
-6
Let b = 4 + -2. Let g = 29 + -27. Let f(i) = i**g - b*i + 9 - 3 + 7*i + 2*i. Determine f(-4).
-6
Let s = 5 + -5. Suppose s = u - 0*u - m + 5, -5*m = u + 11. Let x(i) = -10*i**2 - 11*i**3 + 3*i + 4*i**3 + 4*i**2 + 6*i**3 + 9. Calculate x(u).
-9
Let q(c) be the third derivative of 5*c**4/24 - c**3/6 + 13*c**2. Give q(-2).
-11
Let p(x) be the first derivative of x**6/120 + 2*x**5/15 - 5*x**4/12 + 2*x**3/3 - 2*x**2 - x - 7. Let l(d) be the second derivative of p(d). Calculate l(-9).
13
Let y(z) = -z**3 + 2*z**2 + 5*z + 3. Suppose 25 = -5*r, 0*h - h + 3*r + 55 = 0. Suppose -a = -5*a + h. Suppose 4*j - 5*i - a = -j, 0 = j - 2*i. Give y(j).
-9
Let r(b) = 7*b**3 - 7*b**2 + 3*b + 9. Let x(u) = 4*u**3 - 4*u**2 + 2*u + 5. Let w = -11 + 16. Let y(c) = w*x(c) - 3*r(c). Calculate y(2).
-4
Let s(q) = -q**2 + 409*q - 406*q + 3 + 2*q**2. Determine s(-2).
1
Suppose -2*r + 16 = -6*r. Let l(u) = 4 + 3*u - u**3 - 3*u**2 - 5 + 0*u + 3. What is l(r)?
6
Suppose -b + 137 - 125 = 3*n, n - 12 = -3*b. Let r(a) = a**3 - a**2 + 5*a - 4. Give r(b).
29
Let s be -17 - -22 - (6 - 0). Let p(m) = -1. Let a(z) = 4*z - 1. Let b = 0 + -3. Let d(v) = b*p(v) + 3*a(v). Determine d(s).
-12
Let b(j) = -j. Suppose 2*i + 45 = -7. Let d = -17 - i. Let p = -11 + d. Calculate b(p).
2
Suppose 0 = -4*f + 8*f + 8. Let p(u) = 16 + 4*u - 1 - 1 - 7 - 9. What is p(f)?
-10
Let r(l) = 5*l + 10. Suppose -4*y + 2*x - 12 = 0, 5*y + 0*x + 25 = 5*x. Let i(z) = -z + 1. Let h(k) = y*r(k) - 4*i(k). Suppose 7*c + 0*c + 42 = 0. Give h(c).
-8
Let d(v) = -3*v + 2. Let w(g) = 3*g - 2. Let f(s) = 4*d(s) + 3*w(s). Determine f(4).
-10
Let j be 4/1 - 0/2. Let x be (4 - 12/j)/(-1). Let c(d) = -2*d**3 - 6*d**2 - 3. Let n(k) = -2*k**3 - 7*k**2 - 4. Let l(u) = -5*c(u) + 4*n(u). Determine l(x).
-1
Let z(q) = q. Let c(j) = -3*j + 18. Let m(v) = c(v) + 4*z(v). Let h be m(-17). Let k(u) = h - 2*u + u**2 - u + u - u. Calculate k(4).
5
Let k(i) = -i - 16. Suppose -185 + 265 = -4*m. Calculate k(m).
4
Let m(t) be the third derivative of t**4/24 + 129*t**2. Determine m(4).
4
Let f(b) be the first derivative of b**4/4 - 6*b**3 - 39*b**2/2 - 22*b + 26. Calculate f(20).
-2
Let f(i) = i**2 - 6*i**3 - 3*i**2 - 1 + 3*i - i. Let y = -3304 + 3305. Give f(y).
-7
Suppose -4*r - 2*m = -6, 0 = -3*r + m + 12 + 5. Let l(f) be the first derivative of 13 + 1/3*f**3 + 2*f - 3/2*f**2. Give l(r).
6
Let h(u) = -7*u**3 - 1. Let x(d) = 2*d**2 + 2*d - 1. Let i be x(1). Suppose 4*s - 16 + i = -n, 4 = 4*n. Suppose 1 = s*m - 2. Determine h(m).
-8
Suppose -4 = -2*n + 2. Let u be n/(3 - 54/12). Let w(s) = s + 3. What is w(u)?
1
Let w(f) be the first derivative of f**4/4 - f**2/2 + 8*f - 31. Let c(y) = -y**3 - 8*y**2 + y + 8. Let t be c(-8). What is w(t)?
8
Suppose -3*a = -2*a. Suppose -4*w + 15 = w. Suppose w*g - 3 = -a*g. Let s(p) = 12*p**3 - p**2 - p + 1. Determine s(g).
11
Let c(o) = -2*o**2 - 6*o - 6. Let s(u) = 3*u + 3 - 2*u**2 + 0*u + 3*u**2. Let w(a) = 2*c(a) + 5*s(a). Let v = 573 + -577. Determine w(v).
7
Let q = -189 - -185. Let w(r) = -r**3 + 4*r + 2*r + 0*r - 2*r**2 + 4. Give w(q).
12
Let d(g) be the first derivative of g**3/3 + 3*g**2/2 + 2*g + 15. Suppose 3*c - 2 = 10. Suppose 0*a = -c*a - 12. Calculate d(a).
2
Let z(d) = d**3 + 11*d**2 + 9. Let t(w) = -w**3 + 2*w**2 + 6*w - 3. Let u be t(4). Give z(u).
9
Let n(i) be the first derivative of -i**2 - 10*i + 206. What is n(11)?
-32
Let x(s) = s**3 + 12*s**2 - 28*s + 5. Let h(m) = -m**2 - 8*m + 6. Let f be h(-10). Let y be x(f). Let z(l) = l**3 - 6*l**2 + 5*l + 1. Give z(y).
1
Let j(w) be the second derivative of w**3/6 - 9*w**2/2 + 12*w - 2. Determine j(8).
-1
Suppose l + 0*l - 2 = 0. Let b = -13 - -17. Let k(y) = -b*y + 3 + 1 - 6. What is k(l)?
-10
Let z(p) be the first derivative of -1 + 6*p - 7/3*p**3 - 7/2*p**2 - 1/4*p**4. Calculate z(-6).
12
Suppose 5*f + 9 = -6. Let m(v) = 4*v**3 - v**2 + v - 1. Let l be m(1). Let n(u) = -1 + 5*u**3 - 6*u**l + 3*u**2 - 6*u**2. Give n(f).
-1
Let c = 1321 + -1327. Let b(i) = -i**3 - i**2 - 7*i. Let k(t) = -2*t**3 - 3*t**2 - 14*t + 1. Let n(s) = -11*b(s) + 6*k(s). Give n(c).
12
Let w(x) be the second derivative of 1/20*x**5 + 0*x**3 - 1/2*x**2 - 1/4*x**4 + 4*x + 0. Suppose -j = j - v - 11, 19 = -2*j - 5*v. What is w(j)?
-1
Let b(i) = 14*i**2 - i. Suppose 0 = w - 4 - 0. Suppose 9*h + w = -5. Determine b(h).
15
Let z = -1932 - -1929. Let g(d) = -4*d + 4. Determine g(z).
16
Let y(w) = -w**3 + 3*w**2 - w + 2. Suppose -3*k + 0*k + r = -37, -34 = -k - 4*r. Suppose -k*m + 18 = -24. What is y(m)?
-1
Suppose -11 + 19 = -4*o. Let x(c) = c**2 - 2. Give x(o).
2
Let v(i) be the third derivative of i**5/60 + i**4/24 + 11*i**3/6 - 251*i**2. Let p = 0 + 0. What is v(p)?
11
Let s(d) = d**3 + d**2 + d + 4. Let t(y) = y*